{"id":12,"date":"2012-10-07T07:25:41","date_gmt":"2012-10-07T07:25:41","guid":{"rendered":"http:\/\/andreas-singers.de\/wordpress\/?page_id=12"},"modified":"2026-01-17T10:00:30","modified_gmt":"2026-01-17T10:00:30","slug":"wir-uber-uns","status":"publish","type":"page","link":"http:\/\/andreas-singers.de\/wordpress\/?page_id=12","title":{"rendered":"Wir \u00fcber uns"},"content":{"rendered":"<h2>Andreas-Singers \u2013 wir \u00fcber uns<\/h2>\n<h3>Die ersten Anf\u00e4nge<\/h3>\n<p>Es begann alles mit der Pfarrgemeinderatswahl 1991. Neu in den Pfarrgemeinderat wurden die jungen engagierten Sieglinde Richter und Pauline Haunschild aufgenommen. Sie waren f\u00fcr das Resort EHE UND FAMILIE zust\u00e4ndig und beschlossen, Gottesdienste f\u00fcr Kinder zu organisieren. Zusammen mit Melanie Huber hielten sie erstmals in unserer Gemeinde Kinderandachten,- meditationen und Sch\u00fclergottesdienste ab. Zuerst nur sporadisch, dann immer 4-w\u00f6chig am Freitag Nachmittag. Die Beteiligung der Kinder war sehr gro\u00df und nach und nach kam der Wunsch, diese Sch\u00fclergottesdienste auch musikalisch zu begleiten.<br \/>\nAus den Sch\u00fclergottesdiensten am Freitag Nachmittag wurden Familiengottesdienste, die auch Samstag und Sonntag abgehalten wurden. Hier sang bereits ein fester Stamm an Kindern bei einigen Feierlichkeiten, wie z.B. bei der Er\u00f6ffnung eines Wintergartens, oder bei verschiedenen Anl\u00e4ssen.<br \/>\nIm Jahre 1998 kamen Petra Hachmann und Birgit Reisinger zur musikalischen Verst\u00e4rkung hinzu. Erstmalig erw\u00e4hnt wurden wir 1998 im Pfarrbrief, worauf wir beschlossen, uns einen Namen zu geben. Im Jahre 1999 beschlossen wir, uns nach dem Namenspatron unserer St.Andreas-Kirche zu nennen und nannten uns von nun an<br \/>\n<strong>Andreas-Singers<\/strong>.<\/p>\n<h3>Wer wir sind und was wir machen<\/h3>\n<p>Die Andreas-Singers sind ein Kinder- und Jugendchor, der seit mehr als 10 Jahren rhythmische Lieder singt. Anfangs nur zu Familiengottesdiensten, sp\u00e4ter auch an Geburtstagen, Weihnachtsfeiern oder Benefizveranstaltungen. Nachdem ein gewisses Repertoire und ein gefestigter Stamm an S\u00e4ngerinnen und S\u00e4ngern (ok, es waren haupts\u00e4chlich S\u00e4ngerinnen) entstanden und gewachsen war, wurden wir auch f\u00fcr Hochzeiten und Konzerte engagiert.<br \/>\nSo wuchs nicht nur der Bekanntheitsgrad, sondern auch unser Repertoire weiter an. Heute singen wir nicht mehr nur rhythmische Kirchenlieder \u2013 diese sind und bleiben aber unser Hautaugenmerk- sondern auch Gospels, Musical-Hits oder moderne Lieder, die man aus dem Radio kennt. Im Jahr 2004 wurden wir von Cornelia Corba engagiert, die zusammen mit Thomas Fuchsberger in Bad G\u00f6gging in Konzert gab. Die Andreas-Singers umrahmten das Konzert der S\u00e4ngerin. Das Highlight des Jahres 2005 war mit Sicherheit die Auff\u00fchrung des Musicals <strong>Joseph \u2013 ein echt cooler Tr\u00e4umer<\/strong>. Der Erfolg der Darbietung \u00fcbertraf alle unsere Erwartungen und wir mussten sogar einen Zusatztermin aus dem \u00c4rmel sch\u00fctteln. An Weihnachten 2006 wurde aus dem sonst so lebhaften Chor ein ruhiger und besinnlicher Chor. <strong>So klingt de staade Zeit<\/strong> umschrieben wir 2 Stunden an einem Sonntag Nachmittag, an dem wir ruhige, besinnliche Weihnachtslieder sangen und mit nachdenklichen und symboltr\u00e4chtigen Texten unsere Zuh\u00f6rer auf Weihnachten und die \u201estaade Zeit\u201c einstimmten. Auch diese Veranstaltung war gut besucht und wir durften uns noch lange \u00fcber die positive Resonanz freuen.<br \/>\nBereits 2007 begannen wir mit den Vorbereitungen f\u00fcr ein weiteres Musical. Die Auff\u00fchrungen fanden am 12. + 19. Oktober 2008 statt. Die Auff\u00fchrungen von <strong>Mose \u2013 ein echt cooler Retter<\/strong> in der Pfarrkirche St. Andreas in Bad G\u00f6gging waren ein gro\u00dfer Erfolg. Das Publikum lie\u00df sich entf\u00fchren in die Welt vor dreitausend Jahren. Die Andreas-Singers pr\u00e4sentierten die biblische Geschichte in Texten und anspruchsvollen Liedern und stellen alle wichtigen Szenen dar. Fotos sind unter der Rubrik <a href=\"http:\/\/www.andreas-singers.de\/photos.php\">Fotos<\/a> zu bewundern. Es war ein farbenfrohes Spektakel, das die Zuschauer am Ende mit <strong>standing ovations<\/strong> w\u00fcrdigten. Der Applaus endete erst nach einer Zugabe. Die Andreas-Singers sind \u2013 zu Recht \u2013 stolz auf ihren Erfolg und bedanken sich an dieser Stelle bei allen Mitwirkenden, Helfern und Unterst\u00fctzung. Ohne SIE w\u00e4re so ein Erfolg nicht m\u00f6glich gewesen!<br \/>\nNeben den nun schon fast allt\u00e4glichen Auftritten bei Familiengottesdiensten, Weihnachtsfeiern, Hochzeiten oder Taufen haben wir begonnen, auch die Welt der <strong>moderneren Musik<\/strong> f\u00fcr uns zu entdecken.<br \/>\nAls eine neue Herausforderung haben wir uns vorgenommen, ein Medley von Abba auf die B\u00fchne zu bringen.<br \/>\nSo haben wir immer wieder, sofern es die Zeit zulie\u00df, daran geprobt und am Sonntag, den <strong>21.M\u00e4rz 2010<\/strong> wurde Abba dann <strong>uraufgef\u00fchrt<\/strong>.<br \/>\nIm Rahmen eines Kurkonzerts, in dem wir unsere inzwischen \u00fcber 10-j\u00e4hrige Geschichte erz\u00e4hlten, sangen wir Lieder von den Anf\u00e4ngen des Chores. Wir stellten vor, was wir in dieser Zeit gesungen und gelernt haben. Neben den <strong>klassischen<\/strong> Liedern der modernen Gottesdienstgestaltung konnten die Zuh\u00f6rer auch Gospels, Musical-Lieder, Film-Musik und Abba-Lieder genie\u00dfen. Das Konzert fand regen Zuspruch und endete mit einer Zugabe aus dem Abba-Medley, das von unseren jungen S\u00e4ngern sogar t\u00e4nzerisch umrahmt wurde.<\/p>\n<h3>Wer macht mit und wer kann mitmachen<\/h3>\n<p><strong data-start=\"974\" data-end=\"1000\">Mitsingen? Sehr gerne!<\/strong><br data-start=\"1000\" data-end=\"1003\" \/>Wir nehmen neue S\u00e4ngerinnen und S\u00e4nger <strong data-start=\"1042\" data-end=\"1064\">ab dem Teeniealter<\/strong> auf. Komm einfach zu einer Chorprobe vorbei und schnuppere rein. Eine kurze Nachricht vorab ist hilfreich, damit wir dir sagen k\u00f6nnen, wo wir aktuell proben.<\/p>\n<p>\u00dcber neue S\u00e4nger und S\u00e4ngerinnen freuen wir uns jederzeit. Es gibt bei uns keine Mitgliedschaft \u2013 das Mitmachen ist freiwillig!<\/p>\n","protected":false},"excerpt":{"rendered":"<p>Andreas-Singers \u2013 wir \u00fcber uns Die ersten Anf\u00e4nge Es begann alles mit der Pfarrgemeinderatswahl 1991. Neu in den Pfarrgemeinderat wurden die jungen engagierten Sieglinde Richter und Pauline Haunschild aufgenommen. Sie waren f\u00fcr das Resort EHE UND FAMILIE zust\u00e4ndig und beschlossen, &hellip; <a href=\"http:\/\/andreas-singers.de\/wordpress\/?page_id=12\">Weiterlesen <span class=\"meta-nav\">&rarr;<\/span><\/a><\/p>\n","protected":false},"author":1,"featured_media":896,"parent":0,"menu_order":0,"comment_status":"closed","ping_status":"closed","template":"","meta":{"ngg_post_thumbnail":0,"footnotes":""},"class_list":["post-12","page","type-page","status-publish","has-post-thumbnail","hentry"],"_links":{"self":[{"href":"http:\/\/andreas-singers.de\/wordpress\/index.php?rest_route=\/wp\/v2\/pages\/12","targetHints":{"allow":["GET"]}}],"collection":[{"href":"http:\/\/andreas-singers.de\/wordpress\/index.php?rest_route=\/wp\/v2\/pages"}],"about":[{"href":"http:\/\/andreas-singers.de\/wordpress\/index.php?rest_route=\/wp\/v2\/types\/page"}],"author":[{"embeddable":true,"href":"http:\/\/andreas-singers.de\/wordpress\/index.php?rest_route=\/wp\/v2\/users\/1"}],"replies":[{"embeddable":true,"href":"http:\/\/andreas-singers.de\/wordpress\/index.php?rest_route=%2Fwp%2Fv2%2Fcomments&post=12"}],"version-history":[{"count":7,"href":"http:\/\/andreas-singers.de\/wordpress\/index.php?rest_route=\/wp\/v2\/pages\/12\/revisions"}],"predecessor-version":[{"id":895,"href":"http:\/\/andreas-singers.de\/wordpress\/index.php?rest_route=\/wp\/v2\/pages\/12\/revisions\/895"}],"wp:featuredmedia":[{"embeddable":true,"href":"http:\/\/andreas-singers.de\/wordpress\/index.php?rest_route=\/wp\/v2\/media\/896"}],"wp:attachment":[{"href":"http:\/\/andreas-singers.de\/wordpress\/index.php?rest_route=%2Fwp%2Fv2%2Fmedia&parent=12"}],"curies":[{"name":"wp","href":"https:\/\/api.w.org\/{rel}","templated":true}]}}

Wir über uns

<h2>Andreas-Singers – wir über uns</h2>
<h3>Die ersten Anfänge</h3>
<p>Es begann alles mit der Pfarrgemeinderatswahl 1991. Neu in den Pfarrgemeinderat wurden die jungen engagierten Sieglinde Richter und Pauline Haunschild aufgenommen. Sie waren für das Resort EHE UND FAMILIE zuständig und beschlossen, Gottesdienste für Kinder zu organisieren. Zusammen mit Melanie Huber hielten sie erstmals in unserer Gemeinde Kinderandachten,- meditationen und Schülergottesdienste ab. Zuerst nur sporadisch, dann immer 4-wöchig am Freitag Nachmittag. Die Beteiligung der Kinder war sehr groß und nach und nach kam der Wunsch, diese Schülergottesdienste auch musikalisch zu begleiten.<br />
Aus den Schülergottesdiensten am Freitag Nachmittag wurden Familiengottesdienste, die auch Samstag und Sonntag abgehalten wurden. Hier sang bereits ein fester Stamm an Kindern bei einigen Feierlichkeiten, wie z.B. bei der Eröffnung eines Wintergartens, oder bei verschiedenen Anlässen.<br />
Im Jahre 1998 kamen Petra Hachmann und Birgit Reisinger zur musikalischen Verstärkung hinzu. Erstmalig erwähnt wurden wir 1998 im Pfarrbrief, worauf wir beschlossen, uns einen Namen zu geben. Im Jahre 1999 beschlossen wir, uns nach dem Namenspatron unserer St.Andreas-Kirche zu nennen und nannten uns von nun an<br />
<strong>Andreas-Singers</strong>.</p>
<h3>Wer wir sind und was wir machen</h3>
<p>Die Andreas-Singers sind ein Kinder- und Jugendchor, der seit mehr als 10 Jahren rhythmische Lieder singt. Anfangs nur zu Familiengottesdiensten, später auch an Geburtstagen, Weihnachtsfeiern oder Benefizveranstaltungen. Nachdem ein gewisses Repertoire und ein gefestigter Stamm an Sängerinnen und Sängern (ok, es waren hauptsächlich Sängerinnen) entstanden und gewachsen war, wurden wir auch für Hochzeiten und Konzerte engagiert.<br />
So wuchs nicht nur der Bekanntheitsgrad, sondern auch unser Repertoire weiter an. Heute singen wir nicht mehr nur rhythmische Kirchenlieder – diese sind und bleiben aber unser Hautaugenmerk- sondern auch Gospels, Musical-Hits oder moderne Lieder, die man aus dem Radio kennt. Im Jahr 2004 wurden wir von Cornelia Corba engagiert, die zusammen mit Thomas Fuchsberger in Bad Gögging in Konzert gab. Die Andreas-Singers umrahmten das Konzert der Sängerin. Das Highlight des Jahres 2005 war mit Sicherheit die Aufführung des Musicals <strong>Joseph – ein echt cooler Träumer</strong>. Der Erfolg der Darbietung übertraf alle unsere Erwartungen und wir mussten sogar einen Zusatztermin aus dem Ärmel schütteln. An Weihnachten 2006 wurde aus dem sonst so lebhaften Chor ein ruhiger und besinnlicher Chor. <strong>So klingt de staade Zeit</strong> umschrieben wir 2 Stunden an einem Sonntag Nachmittag, an dem wir ruhige, besinnliche Weihnachtslieder sangen und mit nachdenklichen und symbolträchtigen Texten unsere Zuhörer auf Weihnachten und die „staade Zeit“ einstimmten. Auch diese Veranstaltung war gut besucht und wir durften uns noch lange über die positive Resonanz freuen.<br />
Bereits 2007 begannen wir mit den Vorbereitungen für ein weiteres Musical. Die Aufführungen fanden am 12. + 19. Oktober 2008 statt. Die Aufführungen von <strong>Mose – ein echt cooler Retter</strong> in der Pfarrkirche St. Andreas in Bad Gögging waren ein großer Erfolg. Das Publikum ließ sich entführen in die Welt vor dreitausend Jahren. Die Andreas-Singers präsentierten die biblische Geschichte in Texten und anspruchsvollen Liedern und stellen alle wichtigen Szenen dar. Fotos sind unter der Rubrik <a href="http://www.andreas-singers.de/photos.php">Fotos</a> zu bewundern. Es war ein farbenfrohes Spektakel, das die Zuschauer am Ende mit <strong>standing ovations</strong> würdigten. Der Applaus endete erst nach einer Zugabe. Die Andreas-Singers sind – zu Recht – stolz auf ihren Erfolg und bedanken sich an dieser Stelle bei allen Mitwirkenden, Helfern und Unterstützung. Ohne SIE wäre so ein Erfolg nicht möglich gewesen!<br />
Neben den nun schon fast alltäglichen Auftritten bei Familiengottesdiensten, Weihnachtsfeiern, Hochzeiten oder Taufen haben wir begonnen, auch die Welt der <strong>moderneren Musik</strong> für uns zu entdecken.<br />
Als eine neue Herausforderung haben wir uns vorgenommen, ein Medley von Abba auf die Bühne zu bringen.<br />
So haben wir immer wieder, sofern es die Zeit zuließ, daran geprobt und am Sonntag, den <strong>21.März 2010</strong> wurde Abba dann <strong>uraufgeführt</strong>.<br />
Im Rahmen eines Kurkonzerts, in dem wir unsere inzwischen über 10-jährige Geschichte erzählten, sangen wir Lieder von den Anfängen des Chores. Wir stellten vor, was wir in dieser Zeit gesungen und gelernt haben. Neben den <strong>klassischen</strong> Liedern der modernen Gottesdienstgestaltung konnten die Zuhörer auch Gospels, Musical-Lieder, Film-Musik und Abba-Lieder genießen. Das Konzert fand regen Zuspruch und endete mit einer Zugabe aus dem Abba-Medley, das von unseren jungen Sängern sogar tänzerisch umrahmt wurde.</p>
<h3>Wer macht mit und wer kann mitmachen</h3>
<p><strong data-start="974" data-end="1000">Mitsingen? Sehr gerne!</strong><br data-start="1000" data-end="1003" />Wir nehmen neue Sängerinnen und Sänger <strong data-start="1042" data-end="1064">ab dem Teeniealter</strong> auf. Komm einfach zu einer Chorprobe vorbei und schnuppere rein. Eine kurze Nachricht vorab ist hilfreich, damit wir dir sagen können, wo wir aktuell proben.</p>
<p>Über neue Sänger und Sängerinnen freuen wir uns jederzeit. Es gibt bei uns keine Mitgliedschaft – das Mitmachen ist freiwillig!</p>

<p>Andreas-Singers – wir über uns Die ersten Anfänge Es begann alles mit der Pfarrgemeinderatswahl 1991. Neu in den Pfarrgemeinderat wurden die jungen engagierten Sieglinde Richter und Pauline Haunschild aufgenommen. Sie waren für das Resort EHE UND FAMILIE zuständig und beschlossen, &hellip; <a href="http://andreas-singers.de/wordpress/?page_id=12">Weiterlesen <span class="meta-nav">&rarr;</span></a></p>
